{"id":12584,"date":"2023-08-09T13:19:36","date_gmt":"2023-08-09T10:19:36","guid":{"rendered":"https:\/\/www.iitti.fi\/muutaiittiin\/?page_id=12584"},"modified":"2025-10-06T08:59:29","modified_gmt":"2025-10-06T05:59:29","slug":"elama","status":"publish","type":"page","link":"https:\/\/www.iitti.fi\/ihastu\/elama\/","title":{"rendered":"El\u00e4m\u00e4 Iitiss\u00e4"},"content":{"rendered":"","protected":false},"excerpt":{"rendered":"","protected":false},"author":1,"featured_media":13058,"parent":0,"menu_order":14,"comment_status":"closed","ping_status":"closed","template":"","meta":{"inline_featured_image":false,"footnotes":""},"acf":[],"_links":{"self":[{"href":"https:\/\/www.iitti.fi\/ihastu\/wp-json\/wp\/v2\/pages\/12584"}],"collection":[{"href":"https:\/\/www.iitti.fi\/ihastu\/wp-json\/wp\/v2\/pages"}],"about":[{"href":"https:\/\/www.iitti.fi\/ihastu\/wp-json\/wp\/v2\/types\/page"}],"author":[{"embeddable":true,"href":"https:\/\/www.iitti.fi\/ihastu\/wp-json\/wp\/v2\/users\/1"}],"replies":[{"embeddable":true,"href":"https:\/\/www.iitti.fi\/ihastu\/wp-json\/wp\/v2\/comments?post=12584"}],"version-history":[{"count":5,"href":"https:\/\/www.iitti.fi\/ihastu\/wp-json\/wp\/v2\/pages\/12584\/revisions"}],"predecessor-version":[{"id":13560,"href":"https:\/\/www.iitti.fi\/ihastu\/wp-json\/wp\/v2\/pages\/12584\/revisions\/13560"}],"wp:featuredmedia":[{"embeddable":true,"href":"https:\/\/www.iitti.fi\/ihastu\/wp-json\/wp\/v2\/media\/13058"}],"wp:attachment":[{"href":"https:\/\/www.iitti.fi\/ihastu\/wp-json\/wp\/v2\/media?parent=12584"}],"curies":[{"name":"wp","href":"https:\/\/api.w.org\/{rel}","templated":true}]}}